12) to base 4
11011230
-4322 (base 5) to base 6
-2415
What is 1a313 (base 13) in base 5?
3113204
What is -2698 (base 14) in base 6?
-51250
11151 (base 7) to base 13
1398
-220111 (base 3) to base 13
-3bb
Convert 111100 (base 3) to base 14.
1ba
Convert -248 (base 12) to base 16.
-158
What is 14a0 (base 11) in base 10?
1925
3949 (base 10) to base 2
111101101101
What is 103123 (base 5) in base 13?
17c2
58b5 (base 15) to base 14
6c21
What is -4612 (base 11) in base 5?
-143223
5657 (base 14) to base 6
153153
96a (base 13) to base 16
649
Convert 23342 (base 6) to base 16.
d2e
1dad (base 14) to base 8
12505
-2904 (base 15) to base 13
-3cc4
-3807 (base 12) to base 2
-1100011000111
2740 (base 9) to base 10
2061
Convert ab (base 15) to base 12.
115
What is a6 (base 13) in base 12?
b4
What is 422 (base 15) in base 7?
2501
What is 111210 (base 4) in base 3?
1220010
What is -856 (base 13) in base 10?
-1423
Convert 62b (base 12) to base 2.
1110000011
Convert bae (base 15) to base 12.
163b
Convert -12 (base 11) to base 4.
-31
Convert -167d (base 16) to base 8.
-13175
What is -61e8 (base 15) in base 5?
-1130233
Convert -11254 (base 8) to base 4.
-1022230
1100101101 (base 2) to base 7
2241
Convert -a56 (base 12) to base 4.
-113202
Convert 10111100111100 (base 2) to base 9.
17525
Convert 128366 (base 9) to base 10.
78306
27166 (base 8) to base 2
10111001110110
Convert -11001122 (base 3) to base 4.
-232100
Convert -5875 (base 11) to base 4.
-1320121
-440 (base 8) to base 16
-120
Convert 70547 (base 9) to base 12.
22a07
10354 (base 10) to base 9
15174
What is -513 (base 10) in base 9?
-630
What is 48734 (base 10) in base 13?
1924a
What is -830 (base 11) in base 9?
-1332
Convert -24853 (base 9) to base 12.
-9826
1758 (base 10) to base 13
a53
What is 2299 (base 11) in base 5?
44022
What is 2002000 (base 3) in base 10?
1512
57b (base 14) to base 9
1440
-3006 (base 9) to base 15
-9b3
-1415 (base 11) to base 3
-2111211
What is -5081 (base 9) in base 3?
-12002201
What is -56 (base 10) in base 7?
-110
What is -2576 (base 8) in base 14?
-726
Convert -10 (base 13) to base 12.
-11
Convert -299 (base 16) to base 14.
-357
What is -4b22 (base 12) in base 9?
-12618
Convert -1348a (base 14) to base 16.
-b9c2
-9e3b (base 15) to base 13
-12392
Convert -62833 (base 9) to base 12.
-20026
-9a1e (base 15) to base 6
-411102
16a0b (base 14) to base 3
2212222121
-30 (base 14) to base 15
-2c
24131 (base 6) to base 5
103021
What is 30420 (base 6) in base 8?
7714
What is -9a2 (base 16) in base 13?
-1179
What is -210 (base 5) in base 12?
-47
What is 1776 (base 16) in base 14?
2290
5214 (base 14) to base 7
56124
Convert -10b85 (base 13) to base 9.
-45781
9218 (base 11) to base 2
10111111010000
What is -4e8 (base 15) in base 3?
-1112102
Convert 220002212 (base 3) to base 10.
17573
Convert 737 (base 9) to base 12.
421
What is 113202 (base 5) in base 4?
1001101
Convert -207 (base 13) to base 11.
-294
What is -4246 (base 7) in base 6?
-10544
What is 23535 (base 7) in base 5?
143402
-3606 (base 8) to base 3
-2122100
What is 1100011 (base 2) in base 12?
83
-468 (base 9) to base 13
-239
5663 (base 8) to base 2
101110110011
32c (base 15) to base 7
2043
648 (base 12) to base 4
32120
-73115 (base 8) to base 15
-8e90
-5105 (base 13) to base 7
-44351
12210122 (base 3) to base 16
1085
-138 (base 10) to base 15
-93
What is -a1 (base 12) in base 3?
-11111
412 (base 11) to base 15
232
What is 340533 (base 6) in base 14?
a66d
What is -341 (base 9) in base 11?
-235
1100101111 (base 2) to base 12
57b
-1396 (base 13) to base 12
-1777
-269 (base 13) to base 10
-425
What is -779 (base 11) in base 4?
-32211
Convert 21100111 (base 3) to base 8.
12357
-61784 (base 9) to base 5
-2300423
-814 (base 10) to base 8
-1456
What is -102 (base 12) in base 15?
-9b
1136 (base 7) to base 13
263
Convert 373 (base 15) to base 5.
11113
-35413 (base 6) to base 13
-243c
What is 1000000101110 (base 2) in base 11?
3126
-44c (base 14) to base 11
-705
-96 (base 13) to base 7
-234
-110101110 (base 2) to base 16
-1ae
What is -304452 (base 7) in base 6?
-1040510
Convert 3a8 (base 13) to base 3.
212220
Convert 179a6 (base 12) to base 2.
1000010111001110
Convert -591 (base 15) to base 3.
-1201201
What is 13111 (base 8) in base 16?
1649
What is -224 (base 11) in base 2?
-100001100
-c82a (base 14) to base 7
-202453
What is -3527 (base 13) in base 12?
-43a5
Convert -91 (base 11) to base 3.
-10201
Convert 4203 (base 9) to base 5.
44311
-165b (base 14) to base 4
-332201
-3a (base 13) to base 14
-37
-997c (base 16) to base 4
-21211330
Convert 4334 (base 6) to base 3.
1100211
What is 2314 (base 7) in base 10?
844
Convert -2020000 (base 3) to base 8.
-3124
Convert 1332 (base 6) to base 10.
344
12012 (base 4) to base 8
606
What is -1010200 (base 3) in base 8?
-1474
-113434 (base 7) to base 2
-100111111101010
Convert -739 (base 11) to base 9.
-1187
What is 5466 (base 7) in base 3?
2200120
What is -2115 (base 10) in base 16?
-843
44031 (base 9) to base 13
10393
434 (base 11) to base 10
521
Convert 333401 (base 5) to base 7.
46121
What is c3c (base 13) in base 14?
a87
What is 5204 (base 7) in base 14?
93b
Convert -1203b (base 13) to base 11.
-22885
What is -11010100 (base 2) in base 8?
-324
Convert -306 (base 15) to base 7.
-1662
-485 (base 16) to base 13
-6b0
5496 (base 10) to base 7
22011
What is 11026 (base 9) in base 11?
554a
What is 4241 (base 5) in base 6?
2351
What is 132043 (base 6) in base 11?
9121
What is -1420 (base 5) in base 15?
-10a
-1680 (base 16) to base 5
-141020
Convert -3c4 (base 14) to base 6.
-3304
Convert 29b8 (base 15) to base 3.
110021102
-12b (base 14) to base 7
-454
Convert -2719a (base 12) to base 6.
-1053114
-13464 (base 7) to base 6
-25000
Convert -2226 (base 10) to base 13.
-1023
18507 (base 9) to base 8
31005
128 (base 14) to base 11
1a1
What is -362 (base 9) in base 6?
-1215
Convert 13509 (base 10) to base 14.
4ccd
45a2 (base 11) to base 16
1799
Convert -22401 (base 5) to base 13.
-962
Convert 223110 (base 4) to base 6.
20500
10111000 (base 3) to base 7
10254
Convert -112450 (base 7) to base 14.
-7497
-10110 (base 6) to base 14
-6b8
Convert -99a (base 11) to base 13.
-712
-107 (base 11) to base 3
-11202
Convert c08 (base 15) to base 2.
101010010100
What is -2746 (base 10) in base 4?
-222322
Convert -1b5c (base 15) to base 2.
-1011100110001
What is 3031 (base 5) in base 4?
12013
8277 (base 12) to base 11
a742
Convert 1000110001 (base 2) to base 9.
683
-3265 (base 8) to base 7
-5002
Convert -b6a4 (base 12) to base 9.
-30377
-131543 (base 7) to base 14
-8d93
-1d8b (base 15) to base 11
-4917
Convert -210120 (base 3) to base 8.
-1106
What is -15125 (base 9) in base 14?
-3a86
-7086 (base 9) to base 11
-3990
What is 168 (base 14) in base 10?
288
Convert -6235 (base 7) to base 10.
-2182
Convert 433 (base 5) to base 16.
76
1557 (base 10) to base 8
3025
What is 110411 (base 6) in base 3?
110122121
5056 (base 8) to base 5
40411
4102 (base 5) to base 2
1000001111
Convert -424 (base 5) to base 7.
-222
134021 (base 5) to base 4
1112013
Convert 7198 (base 11) to base 16.
2549
8313 (base 10) to base 15
26e3
524 (base 7) to base 14
14b
Convert 53145 (base 9) to base 14.
cb22
What is 7ae7 (base 15) in base 12?
13124
3011112 (base 4) to base 2
11000101010110
310221 (base 4) to base 9
4553
What is 2980 (base 13) in base 6?
43511
1376b (base 12) to base 10
27011
-1bb82 (base 12) to base 14
-11150
What is 20415 (base 7) in base 11?
3845
1001000000010100 (base 2) to base 6
442432
-11210022 (base 3) to base 7
-13115
What is -1455 (base 15) in base 12?
-262b
Convert 176 (base 8) to base 9.
150
Convert -120212110 (base 3) to base 4.
-2310300
What is 157a (base 13) in base 7?
12110
-1471 (base 8) to base 3
-1010120
-1a63 (base 14) to base 6
-34103
305 (base 13) to base 4
20000
Convert 50c (base 13) to base 12.
5b5
3e (base 16) to base 2
111110
What is 29469 (base 13) in base 4?
102331122
Convert 13512 (base 9) to base 16.
23cc
What is -55 (base 12) in base 4?
-1001
-1b9 (base 16) to base 3
-121100
What is 4b99 (base 16) in base 10?
19353
Convert -82a (base 13) to base 16.
-56c
-37e (base 16) to base 14
-47c
Convert 3233 (base 5) to base 9.
542
4401 (base 5) to base 3
211021
What is -554 (base 12) in base 9?
-1061
What is 120002 (base 4) in base